{"id":2498,"date":"2025-01-27T21:32:27","date_gmt":"2025-01-27T20:32:27","guid":{"rendered":"https:\/\/wundshop.v2202409233605284516.goodsrv.de\/?post_type=product&#038;p=2498"},"modified":"2025-01-27T21:32:27","modified_gmt":"2025-01-27T20:32:27","slug":"stretch-10-cm-x-10-m-1-st-box","status":"publish","type":"product","link":"https:\/\/wundshop.v2202409233605284516.goodsrv.de\/?product=stretch-10-cm-x-10-m-1-st-box","title":{"rendered":"Stretch 10 cm x 10 m, 1 St.\/Box"},"content":{"rendered":"<h2 class=\"sqGkiQr o__5g37oh---typography-11-runningText o__5g37oh---priority-7-primary _HOcyB x4nptw sxbtulv\" aria-hidden=\"false\" data-hook=\"info-section-title\">04002711<\/h2>\n<div class=\"aecizt QfrfFD cell\"><\/div>\n<div class=\"rah-static rah-static--height-auto\" aria-hidden=\"false\">\n<div>\n<div class=\"ulKuLk QfrfFD cell\">\n<div class=\"zp8uy2\" data-hook=\"info-section-description\">1 St.\/Box<\/div>\n<\/div>\n<\/div>\n<\/div>\n","protected":false},"excerpt":{"rendered":"<p>Das hypoallergene, wei\u00dfe, elastische\u00a0Fixiervlies eignet sich perfekt f\u00fcr empfindliche Haut. Das Vlies ist atmungsaktiv, anschmiegsam und passt sich stark konturierten K\u00f6rperpartien optimal an. Das Fixiervlies ist unsteril, wird jedoch einzeln in einer Spenderbox verpackt und ist daher hygienisch aufbewahrt. Es ist mit einem hautfreundlichen Polyacrylat-Kleber beschichtet, der sich sanft abl\u00f6sen l\u00e4sst. Dar\u00fcber hinaus ist das Fixiervlies latexfrei.<\/p>\n","protected":false},"featured_media":2499,"comment_status":"open","ping_status":"closed","template":"","meta":{"_seopress_robots_primary_cat":"","_seopress_titles_title":"","_seopress_titles_desc":"","_seopress_robots_index":""},"product_brand":[],"product_cat":[107],"product_tag":[763,485,762,137,672,576,136,764,416,765,766,629,681,761],"class_list":{"0":"post-2498","1":"product","2":"type-product","3":"status-publish","4":"has-post-thumbnail","6":"product_cat-fixierverband","7":"product_tag-anschmiegsam","8":"product_tag-atmungsaktiv","9":"product_tag-elastisch","10":"product_tag-empfindliche-haut","11":"product_tag-fixiervlies","12":"product_tag-hygienisch","13":"product_tag-hypoallergen","14":"product_tag-konturangepasst","15":"product_tag-latexfrei","16":"product_tag-polyacrylat-kleber","17":"product_tag-sanft-abloesbar","18":"product_tag-spenderbox","19":"product_tag-unsteril","20":"product_tag-weiss","23":"instock","24":"shipping-taxable","25":"purchasable","26":"product-type-simple"},"_links":{"self":[{"href":"https:\/\/wundshop.v2202409233605284516.goodsrv.de\/index.php?rest_route=\/wp\/v2\/product\/2498","targetHints":{"allow":["GET"]}}],"collection":[{"href":"https:\/\/wundshop.v2202409233605284516.goodsrv.de\/index.php?rest_route=\/wp\/v2\/product"}],"about":[{"href":"https:\/\/wundshop.v2202409233605284516.goodsrv.de\/index.php?rest_route=\/wp\/v2\/types\/product"}],"replies":[{"embeddable":true,"href":"https:\/\/wundshop.v2202409233605284516.goodsrv.de\/index.php?rest_route=%2Fwp%2Fv2%2Fcomments&post=2498"}],"version-history":[{"count":1,"href":"https:\/\/wundshop.v2202409233605284516.goodsrv.de\/index.php?rest_route=\/wp\/v2\/product\/2498\/revisions"}],"predecessor-version":[{"id":2500,"href":"https:\/\/wundshop.v2202409233605284516.goodsrv.de\/index.php?rest_route=\/wp\/v2\/product\/2498\/revisions\/2500"}],"wp:featuredmedia":[{"embeddable":true,"href":"https:\/\/wundshop.v2202409233605284516.goodsrv.de\/index.php?rest_route=\/wp\/v2\/media\/2499"}],"wp:attachment":[{"href":"https:\/\/wundshop.v2202409233605284516.goodsrv.de\/index.php?rest_route=%2Fwp%2Fv2%2Fmedia&parent=2498"}],"wp:term":[{"taxonomy":"product_brand","embeddable":true,"href":"https:\/\/wundshop.v2202409233605284516.goodsrv.de\/index.php?rest_route=%2Fwp%2Fv2%2Fproduct_brand&post=2498"},{"taxonomy":"product_cat","embeddable":true,"href":"https:\/\/wundshop.v2202409233605284516.goodsrv.de\/index.php?rest_route=%2Fwp%2Fv2%2Fproduct_cat&post=2498"},{"taxonomy":"product_tag","embeddable":true,"href":"https:\/\/wundshop.v2202409233605284516.goodsrv.de\/index.php?rest_route=%2Fwp%2Fv2%2Fproduct_tag&post=2498"}],"curies":[{"name":"wp","href":"https:\/\/api.w.org\/{rel}","templated":true}]}}