{"id":2495,"date":"2025-01-27T21:29:49","date_gmt":"2025-01-27T20:29:49","guid":{"rendered":"https:\/\/wundshop.v2202409233605284516.goodsrv.de\/?post_type=product&#038;p=2495"},"modified":"2025-01-27T21:29:49","modified_gmt":"2025-01-27T20:29:49","slug":"mulltupfer-unsteril-15x16cm-500-st-beutel","status":"publish","type":"product","link":"https:\/\/wundshop.v2202409233605284516.goodsrv.de\/?product=mulltupfer-unsteril-15x16cm-500-st-beutel","title":{"rendered":"Mulltupfer unsteril 15x16cm, 500 St.\/Beutel"},"content":{"rendered":"<div class=\"QfrfFD cell\"><\/div>\n<div class=\"QfrfFD cell\">\n<div id=\"TPAMultiSection_lgci09hg.product-page-details-1\" class=\"\" data-hook=\"slot-placeholder-TPAMultiSection_lgci09hg.product-page-details-1\"><\/div>\n<\/div>\n<div class=\"w0gcbV QfrfFD cell\">\n<div id=\"TPAMultiSection_lgci09hg.product-page-details-slot-1\" class=\"\" data-hook=\"slot-placeholder-TPAMultiSection_lgci09hg.product-page-details-slot-1\"><\/div>\n<\/div>\n<div class=\"pszKa5 QfrfFD cell\">\n<h2 class=\"sqGkiQr o__5g37oh---typography-11-runningText o__5g37oh---priority-7-primary _HOcyB x4nptw sxbtulv\" aria-hidden=\"false\" data-hook=\"info-section-title\">08888893<\/h2>\n<div class=\"aecizt QfrfFD cell\"><\/div>\n<div class=\"rah-static rah-static--height-auto\" aria-hidden=\"false\">\n<div>\n<div class=\"ulKuLk QfrfFD cell\">\n<div class=\"zp8uy2\" data-hook=\"info-section-description\">500 St.\/Beutel<\/div>\n<\/div>\n<\/div>\n<\/div>\n<\/div>\n","protected":false},"excerpt":{"rendered":"<p>Die gebrauchsfertigen Schlinggazetupfer aus 100% Baumwolle sind 20-f\u00e4dig und walnussgro\u00df. Sie sind unsteril und in einem Folienbeutel mit 500 St\u00fcck verpackt. Die Schnittkanten sind sicher im Inneren verschlungen und sorgen f\u00fcr eine gute Saugf\u00e4higkeit. Der Verbandmull entspricht der DIN EN 14079-VM 20.<\/p>\n","protected":false},"featured_media":2496,"comment_status":"open","ping_status":"closed","template":"","meta":{"_seopress_robots_primary_cat":"","_seopress_titles_title":"","_seopress_titles_desc":"","_seopress_robots_index":""},"product_brand":[],"product_cat":[106],"product_tag":[677,758,759,755,732,697,702,748,681,760,756,753],"class_list":{"0":"post-2495","1":"product","2":"type-product","3":"status-publish","4":"has-post-thumbnail","6":"product_cat-tupfer","7":"product_tag-100-baumwolle","8":"product_tag-20-faedig","9":"product_tag-500-stueck","10":"product_tag-din-en-14079-vm-20","11":"product_tag-folienbeutel","12":"product_tag-gebrauchsfertig","13":"product_tag-saugfaehig","14":"product_tag-schlinggazetupfer","15":"product_tag-unsteril","16":"product_tag-verbandmull","17":"product_tag-verschlungene-schnittkanten","18":"product_tag-walnussgross","21":"instock","22":"shipping-taxable","23":"purchasable","24":"product-type-simple"},"_links":{"self":[{"href":"https:\/\/wundshop.v2202409233605284516.goodsrv.de\/index.php?rest_route=\/wp\/v2\/product\/2495","targetHints":{"allow":["GET"]}}],"collection":[{"href":"https:\/\/wundshop.v2202409233605284516.goodsrv.de\/index.php?rest_route=\/wp\/v2\/product"}],"about":[{"href":"https:\/\/wundshop.v2202409233605284516.goodsrv.de\/index.php?rest_route=\/wp\/v2\/types\/product"}],"replies":[{"embeddable":true,"href":"https:\/\/wundshop.v2202409233605284516.goodsrv.de\/index.php?rest_route=%2Fwp%2Fv2%2Fcomments&post=2495"}],"version-history":[{"count":1,"href":"https:\/\/wundshop.v2202409233605284516.goodsrv.de\/index.php?rest_route=\/wp\/v2\/product\/2495\/revisions"}],"predecessor-version":[{"id":2497,"href":"https:\/\/wundshop.v2202409233605284516.goodsrv.de\/index.php?rest_route=\/wp\/v2\/product\/2495\/revisions\/2497"}],"wp:featuredmedia":[{"embeddable":true,"href":"https:\/\/wundshop.v2202409233605284516.goodsrv.de\/index.php?rest_route=\/wp\/v2\/media\/2496"}],"wp:attachment":[{"href":"https:\/\/wundshop.v2202409233605284516.goodsrv.de\/index.php?rest_route=%2Fwp%2Fv2%2Fmedia&parent=2495"}],"wp:term":[{"taxonomy":"product_brand","embeddable":true,"href":"https:\/\/wundshop.v2202409233605284516.goodsrv.de\/index.php?rest_route=%2Fwp%2Fv2%2Fproduct_brand&post=2495"},{"taxonomy":"product_cat","embeddable":true,"href":"https:\/\/wundshop.v2202409233605284516.goodsrv.de\/index.php?rest_route=%2Fwp%2Fv2%2Fproduct_cat&post=2495"},{"taxonomy":"product_tag","embeddable":true,"href":"https:\/\/wundshop.v2202409233605284516.goodsrv.de\/index.php?rest_route=%2Fwp%2Fv2%2Fproduct_tag&post=2495"}],"curies":[{"name":"wp","href":"https:\/\/api.w.org\/{rel}","templated":true}]}}