{"id":2485,"date":"2025-01-27T21:06:43","date_gmt":"2025-01-27T20:06:43","guid":{"rendered":"https:\/\/wundshop.v2202409233605284516.goodsrv.de\/?post_type=product&#038;p=2485"},"modified":"2025-01-27T21:09:02","modified_gmt":"2025-01-27T20:09:02","slug":"pad-unsteril-10-x-20-cm-25-st-folienbeutel","status":"publish","type":"product","link":"https:\/\/wundshop.v2202409233605284516.goodsrv.de\/?product=pad-unsteril-10-x-20-cm-25-st-folienbeutel","title":{"rendered":"Pad-unsteril 10 x 20 cm, 25 St.\/Folienbeutel"},"content":{"rendered":"<h2 class=\"sqGkiQr o__5g37oh---typography-11-runningText o__5g37oh---priority-7-primary _HOcyB x4nptw sxbtulv\" aria-hidden=\"false\" data-hook=\"info-section-title\">02070795<\/h2>\n","protected":false},"excerpt":{"rendered":"<p>Unsterile Saugkompressen mit sehr hohem Saugverm\u00f6gen sind zu 25 St\u00fcck in einem Folienbeutel verpackt. Die Vliesstoffkompressen enthalten eine F\u00fcllung aus Zellulose und sind rundum geschlossen sowie nicht wundhaftend. Ein blaues Spezialvlies sch\u00fctzt vor Durchdringen von Wundsekret und dient dem Schutz von W\u00e4sche und Kleidung. Diese unsterilen Saugkompressen k\u00f6nnen sterilisiert werden.<\/p>\n","protected":false},"featured_media":2486,"comment_status":"open","ping_status":"closed","template":"","meta":{"_seopress_robots_primary_cat":"","_seopress_titles_title":"","_seopress_titles_desc":"","_seopress_robots_index":""},"product_brand":[],"product_cat":[109],"product_tag":[731,737,732,730,736,735,740,739,738,701,729,733,734],"class_list":{"0":"post-2485","1":"product","2":"type-product","3":"status-publish","4":"has-post-thumbnail","6":"product_cat-kompressen","7":"product_tag-25-stueck","8":"product_tag-blaues-spezialvlies","9":"product_tag-folienbeutel","10":"product_tag-hohes-saugvermoegen","11":"product_tag-nicht-wundhaftend","12":"product_tag-rundum-geschlossen","13":"product_tag-schutz-von-kleidung","14":"product_tag-schutz-von-waesche","15":"product_tag-schutz-vor-wundsekret","16":"product_tag-sterilisiertbar","17":"product_tag-unsterile-saugkompressen","18":"product_tag-vliesstoffkompressen","19":"product_tag-zellulosefuellung","22":"instock","23":"shipping-taxable","24":"purchasable","25":"product-type-simple"},"_links":{"self":[{"href":"https:\/\/wundshop.v2202409233605284516.goodsrv.de\/index.php?rest_route=\/wp\/v2\/product\/2485","targetHints":{"allow":["GET"]}}],"collection":[{"href":"https:\/\/wundshop.v2202409233605284516.goodsrv.de\/index.php?rest_route=\/wp\/v2\/product"}],"about":[{"href":"https:\/\/wundshop.v2202409233605284516.goodsrv.de\/index.php?rest_route=\/wp\/v2\/types\/product"}],"replies":[{"embeddable":true,"href":"https:\/\/wundshop.v2202409233605284516.goodsrv.de\/index.php?rest_route=%2Fwp%2Fv2%2Fcomments&post=2485"}],"version-history":[{"count":1,"href":"https:\/\/wundshop.v2202409233605284516.goodsrv.de\/index.php?rest_route=\/wp\/v2\/product\/2485\/revisions"}],"predecessor-version":[{"id":2487,"href":"https:\/\/wundshop.v2202409233605284516.goodsrv.de\/index.php?rest_route=\/wp\/v2\/product\/2485\/revisions\/2487"}],"wp:featuredmedia":[{"embeddable":true,"href":"https:\/\/wundshop.v2202409233605284516.goodsrv.de\/index.php?rest_route=\/wp\/v2\/media\/2486"}],"wp:attachment":[{"href":"https:\/\/wundshop.v2202409233605284516.goodsrv.de\/index.php?rest_route=%2Fwp%2Fv2%2Fmedia&parent=2485"}],"wp:term":[{"taxonomy":"product_brand","embeddable":true,"href":"https:\/\/wundshop.v2202409233605284516.goodsrv.de\/index.php?rest_route=%2Fwp%2Fv2%2Fproduct_brand&post=2485"},{"taxonomy":"product_cat","embeddable":true,"href":"https:\/\/wundshop.v2202409233605284516.goodsrv.de\/index.php?rest_route=%2Fwp%2Fv2%2Fproduct_cat&post=2485"},{"taxonomy":"product_tag","embeddable":true,"href":"https:\/\/wundshop.v2202409233605284516.goodsrv.de\/index.php?rest_route=%2Fwp%2Fv2%2Fproduct_tag&post=2485"}],"curies":[{"name":"wp","href":"https:\/\/api.w.org\/{rel}","templated":true}]}}