{"id":2388,"date":"2025-01-25T21:50:49","date_gmt":"2025-01-25T20:50:49","guid":{"rendered":"https:\/\/wundshop.v2202409233605284516.goodsrv.de\/?post_type=product&#038;p=2388"},"modified":"2025-01-25T21:50:50","modified_gmt":"2025-01-25T20:50:50","slug":"peg-spk-verbandset-nr-1-steril-15-st-pro-packung","status":"publish","type":"product","link":"https:\/\/wundshop.v2202409233605284516.goodsrv.de\/?product=peg-spk-verbandset-nr-1-steril-15-st-pro-packung","title":{"rendered":"PEG &#038; SPK-Verbandset Nr. 1- steril, 15 St. pro Packung"},"content":{"rendered":"<h2 class=\"sqGkiQr o__5g37oh---typography-11-runningText o__5g37oh---priority-7-primary _HOcyB x4nptw sxbtulv\" aria-hidden=\"false\" data-hook=\"info-section-title\">11015996<\/h2>\n<div class=\"aecizt QfrfFD cell\"><\/div>\n<div class=\"rah-static rah-static--height-auto\" aria-hidden=\"false\">\n<div>\n<div class=\"ulKuLk QfrfFD cell\">\n<div class=\"zp8uy2\" data-hook=\"info-section-description\">15 St.<\/div>\n<\/div>\n<\/div>\n<\/div>\n","protected":false},"excerpt":{"rendered":"<p>Das Set enth\u00e4lt f\u00fcnf Kompressen und Fixiermaterialien, die zur Wundversorgung verwendet werden k\u00f6nnen. Die 4-fach gefalteten Vlies-Schlitzkompressen sind jeweils 7,5 x 7,5 cm gro\u00df und bieten eine hohe Saugf\u00e4higkeit. Die beiden Vlieskompressen in der gleichen Gr\u00f6\u00dfe bieten ebenfalls eine 4-fache Faltung und sind besonders schonend zur Haut. Das beiliegende Fixiervlies mit den Ma\u00dfen 12 x 15 cm sorgt f\u00fcr sicheren Halt der Kompressen.<\/p>\n","protected":false},"featured_media":2389,"comment_status":"open","ping_status":"closed","template":"","meta":{"_seopress_robots_primary_cat":"","_seopress_titles_title":"","_seopress_titles_desc":"","_seopress_robots_index":""},"product_brand":[],"product_cat":[105],"product_tag":[673,668,439,669,437,675,672,320,670,459,674,671,405],"class_list":{"0":"post-2388","1":"product","2":"type-product","3":"status-publish","4":"has-post-thumbnail","6":"product_cat-wundversorgung","7":"product_tag-12-x-15-cm","8":"product_tag-4-fach-gefaltete-vlies-schlitzkompressen","9":"product_tag-5-cm","10":"product_tag-5-x-7","11":"product_tag-437","12":"product_tag-fixiermaterialien","13":"product_tag-fixiervlies","14":"product_tag-hautschonend","15":"product_tag-hohe-saugfaehigkeit","16":"product_tag-kompressen","17":"product_tag-sicherer-halt","18":"product_tag-vlieskompressen","19":"product_tag-wundversorgung","22":"instock","23":"shipping-taxable","24":"purchasable","25":"product-type-simple"},"_links":{"self":[{"href":"https:\/\/wundshop.v2202409233605284516.goodsrv.de\/index.php?rest_route=\/wp\/v2\/product\/2388","targetHints":{"allow":["GET"]}}],"collection":[{"href":"https:\/\/wundshop.v2202409233605284516.goodsrv.de\/index.php?rest_route=\/wp\/v2\/product"}],"about":[{"href":"https:\/\/wundshop.v2202409233605284516.goodsrv.de\/index.php?rest_route=\/wp\/v2\/types\/product"}],"replies":[{"embeddable":true,"href":"https:\/\/wundshop.v2202409233605284516.goodsrv.de\/index.php?rest_route=%2Fwp%2Fv2%2Fcomments&post=2388"}],"version-history":[{"count":1,"href":"https:\/\/wundshop.v2202409233605284516.goodsrv.de\/index.php?rest_route=\/wp\/v2\/product\/2388\/revisions"}],"predecessor-version":[{"id":2390,"href":"https:\/\/wundshop.v2202409233605284516.goodsrv.de\/index.php?rest_route=\/wp\/v2\/product\/2388\/revisions\/2390"}],"wp:featuredmedia":[{"embeddable":true,"href":"https:\/\/wundshop.v2202409233605284516.goodsrv.de\/index.php?rest_route=\/wp\/v2\/media\/2389"}],"wp:attachment":[{"href":"https:\/\/wundshop.v2202409233605284516.goodsrv.de\/index.php?rest_route=%2Fwp%2Fv2%2Fmedia&parent=2388"}],"wp:term":[{"taxonomy":"product_brand","embeddable":true,"href":"https:\/\/wundshop.v2202409233605284516.goodsrv.de\/index.php?rest_route=%2Fwp%2Fv2%2Fproduct_brand&post=2388"},{"taxonomy":"product_cat","embeddable":true,"href":"https:\/\/wundshop.v2202409233605284516.goodsrv.de\/index.php?rest_route=%2Fwp%2Fv2%2Fproduct_cat&post=2388"},{"taxonomy":"product_tag","embeddable":true,"href":"https:\/\/wundshop.v2202409233605284516.goodsrv.de\/index.php?rest_route=%2Fwp%2Fv2%2Fproduct_tag&post=2388"}],"curies":[{"name":"wp","href":"https:\/\/api.w.org\/{rel}","templated":true}]}}