{"id":2341,"date":"2025-01-25T20:58:09","date_gmt":"2025-01-25T19:58:09","guid":{"rendered":"https:\/\/wundshop.v2202409233605284516.goodsrv.de\/?post_type=product&#038;p=2341"},"modified":"2025-01-25T20:59:45","modified_gmt":"2025-01-25T19:59:45","slug":"ambu-spur-ii-einmal-beatmungsbeutel-erwachsene","status":"publish","type":"product","link":"https:\/\/wundshop.v2202409233605284516.goodsrv.de\/?product=ambu-spur-ii-einmal-beatmungsbeutel-erwachsene","title":{"rendered":"Ambu\u00ae SPUR\u00ae II Einmal-Beatmungsbeutel Erwachsene"},"content":{"rendered":"<h2 class=\"sqGkiQr o__5g37oh---typography-11-runningText o__5g37oh---priority-7-primary _HOcyB x4nptw sxbtulv\" aria-hidden=\"false\" data-hook=\"info-section-title\">Produktinformationen &#8220;Einmal-Beatmungsbeutel&#8221;<\/h2>\n<div class=\"aecizt QfrfFD cell\"><\/div>\n<div class=\"rah-static rah-static--height-auto\" aria-hidden=\"false\">\n<div>\n<div class=\"ulKuLk QfrfFD cell\">\n<div class=\"zp8uy2\" data-hook=\"info-section-description\">\n<p>Wann wird ein Beatmungsbeutel ben\u00f6tigt?<\/p>\n<p>Der Beatmungsbeutel ist ein Hilfsmittel, welches bei der manuellen Beatmung von Patient:innen mit Atemstillstand oder nicht ausreichender Atmung zum Einsatz kommt.<\/p>\n<p>Was ist ein Beatmungsbeutel und wie funktioniert dieser?<\/p>\n<p>Bei einem Beatmungsbeutel handelt es sich um ein manuelles Beatmungsger\u00e4t, das aus einem Sauerstoffreservoir, mehreren Druckkammern, einem Ventil und einer Beatmungsmaske besteht. \u00dcber das Ventil gelangt Umgebungsluft bzw. Sauerstoff in den Hohlk\u00f6rper und wird \u00fcber das Patientenventil mit der Beatmungsmaske in die Lungen des Patienten bef\u00f6rdert. Dabei bel\u00fcftet man beide Lungenfl\u00fcgel, wobei es zu Gasaustausch kommen kann.<\/p>\n<p>Es gibt unterschiedliche Beatmungsbeutel, die sich in ihrer Gr\u00f6\u00dfe und Beschaffenheit je nach Anwendungsart und Patient:in unterscheiden. Es gibt Beatmungsbeutel f\u00fcr Erwachsene, Kinder und Neugeborene\/Babys.<\/p>\n<p>Wie erkenne ich eine richtige Beatmung mit dem Beatmungsbeutel?<\/p>\n<ul>\n<li>Eine wahrnehmbare Bewegung des Brustkorbs<\/li>\n<li>Durch das Stethoskop h\u00f6rbare Beatmungsger\u00e4usche<\/li>\n<\/ul>\n<p>Worauf ist beim Kauf eines Beatmungsbeutels zu achten?<\/p>\n<ul>\n<li>Anschl\u00fcsse pr\u00fcfen: Sind die vorhandenen Anschl\u00fcsse der Maske kompatibel mit dem Beatmungsbeutel?<\/li>\n<li>Die Gr\u00f6\u00dfe des Beatmungsbeutels auf den jeweiligen Patienten abstimmen<\/li>\n<\/ul>\n<p>Beatmungsbeutel sollten sicher in einem Koffer \u2013 idealerweise mit Sichtfenster aufbewahrt werden und an einem zentralen Platz mit der M\u00f6glichkeit eines schnellen Zugriffs aufbewahrt werden.<\/p>\n<p>Eignet sich ein Beatmungsbeutel f\u00fcr Ersthelfer?<\/p>\n<p>Der Beatmungsbeutel und die Anwendung der Beatmungsmaske erfordern Vorkenntnisse und praktische Erfahrung, weshalb sie sich h\u00e4ufig im Rettungsdienst, in Krankenh\u00e4usern und bei Betriebssanit\u00e4tern finden. Zur Langzeitbeatmung sind diese nicht gedacht.<\/p>\n<p>Einmal- und Mehrwegsysteme bei Beatmungsbeuteln<\/p>\n<p>Die \u201eEinmal\u201c-Beatmungsbeutel werden nach ihrer Verwendung am Patienten entsorgt.<\/p>\n<p>Es gibt mittlerweile eine Auswahl an Beatmungsbeuteln, die f\u00fcr den mehrfachen Gebrauch entwickelt wurden und somit desinfizierbar und sterilisierbar sind.<\/p>\n<div>\n<p>Beutelvolumen: 1475 ml<br \/>\nHubvolumen (ein Hand \/ zwei H\u00e4nde): 800 ml \/ 1100 ml<br \/>\nVolumen O2-Reservoir: 2600 ml<br \/>\nAbmessungen (L x D): 295 x 127 mm<br \/>\nPatientenstutzen: 22\/15 mm (ISO)<br \/>\nExspirationskonnektor: 30 mm<\/p>\n<p>&nbsp;<\/p>\n<\/div>\n<div>\n<table style=\"height: 79px;\" width=\"260\">\n<tbody>\n<tr>\n<td>REF<\/td>\n<td>220002<\/td>\n<\/tr>\n<tr>\n<td>Produkttyp<\/td>\n<td>Beatmungsbeutel<\/td>\n<\/tr>\n<\/tbody>\n<\/table>\n<\/div>\n<\/div>\n<\/div>\n<\/div>\n<\/div>\n","protected":false},"excerpt":{"rendered":"<p>Geeignet f\u00fcr Erwachsene und Kinder ab 30 kg K\u00f6rpergewicht<\/p>\n<p>Komplettset inkl. Gesichtsmaske Gr. 5, Sauerstoffreservoir und Sauerstoffzuleitungsschlauch<\/p>\n<p>&nbsp;<\/p>\n<p>Eigenschaften:<\/p>\n<ul>\n<li>Mit Demandventilanschluss<\/li>\n<li>Sehr leichte Kompression bei minimalem mechanischem Widerstand<\/li>\n<li>Einmembranpatientenventil sorgt f\u00fcr verl\u00e4ssliche Funktionalit\u00e4t<\/li>\n<li>Ausgezeichnete Kontrolle des Hubvolumens<\/li>\n<li>Platzsparend zusammenfaltbar<\/li>\n<li>Umweltfreundliches SEBS-Material<\/li>\n<li>D\u00fcnnwandige SafeGrip Oberfl\u00e4che<\/li>\n<li>Integrierte Handschlaufe<\/li>\n<\/ul>\n","protected":false},"featured_media":2343,"comment_status":"open","ping_status":"closed","template":"","meta":{"_seopress_robots_primary_cat":"","_seopress_titles_title":"","_seopress_titles_desc":"","_seopress_robots_index":""},"product_brand":[],"product_cat":[540],"product_tag":[524,512,521,516,531,536,522,534,514,510,532,528,518,539,517,526,537,519,527,525,530,511,533,520,538,529,513,535,523,515],"class_list":{"0":"post-2341","1":"product","2":"type-product","3":"status-publish","4":"has-post-thumbnail","6":"product_cat-einmal-beatmungsbeutel","7":"product_tag-anschluesse","8":"product_tag-atemstillstand","9":"product_tag-beatmung-mit-beatmungsbeutel","10":"product_tag-beatmungsmaske","11":"product_tag-betriebssanitaeter","12":"product_tag-beutelvolumen","13":"product_tag-brustkorbbewegung","14":"product_tag-desinfizierbar","15":"product_tag-druckkammern","16":"product_tag-einmal-beatmungsbeutel","17":"product_tag-einmalgebrauch","18":"product_tag-ersthelfer","19":"product_tag-erwachsene","20":"product_tag-exspirationskonnektor","21":"product_tag-gasaustausch","22":"product_tag-groesse-des-beutels","23":"product_tag-hubvolumen","24":"product_tag-kinder","25":"product_tag-kofferaufbewahrung","26":"product_tag-kompatibel","27":"product_tag-krankenhaus","28":"product_tag-manuelles-beatmungsgeraet","29":"product_tag-mehrfach-verwendbar","30":"product_tag-neugeborene","31":"product_tag-patientenstutzen","32":"product_tag-rettungsdienst","33":"product_tag-sauerstoffreservoir","34":"product_tag-sterilisierbar","35":"product_tag-stethoskop","36":"product_tag-ventil","39":"instock","40":"shipping-taxable","41":"purchasable","42":"product-type-simple"},"_links":{"self":[{"href":"https:\/\/wundshop.v2202409233605284516.goodsrv.de\/index.php?rest_route=\/wp\/v2\/product\/2341","targetHints":{"allow":["GET"]}}],"collection":[{"href":"https:\/\/wundshop.v2202409233605284516.goodsrv.de\/index.php?rest_route=\/wp\/v2\/product"}],"about":[{"href":"https:\/\/wundshop.v2202409233605284516.goodsrv.de\/index.php?rest_route=\/wp\/v2\/types\/product"}],"replies":[{"embeddable":true,"href":"https:\/\/wundshop.v2202409233605284516.goodsrv.de\/index.php?rest_route=%2Fwp%2Fv2%2Fcomments&post=2341"}],"version-history":[{"count":2,"href":"https:\/\/wundshop.v2202409233605284516.goodsrv.de\/index.php?rest_route=\/wp\/v2\/product\/2341\/revisions"}],"predecessor-version":[{"id":2344,"href":"https:\/\/wundshop.v2202409233605284516.goodsrv.de\/index.php?rest_route=\/wp\/v2\/product\/2341\/revisions\/2344"}],"wp:featuredmedia":[{"embeddable":true,"href":"https:\/\/wundshop.v2202409233605284516.goodsrv.de\/index.php?rest_route=\/wp\/v2\/media\/2343"}],"wp:attachment":[{"href":"https:\/\/wundshop.v2202409233605284516.goodsrv.de\/index.php?rest_route=%2Fwp%2Fv2%2Fmedia&parent=2341"}],"wp:term":[{"taxonomy":"product_brand","embeddable":true,"href":"https:\/\/wundshop.v2202409233605284516.goodsrv.de\/index.php?rest_route=%2Fwp%2Fv2%2Fproduct_brand&post=2341"},{"taxonomy":"product_cat","embeddable":true,"href":"https:\/\/wundshop.v2202409233605284516.goodsrv.de\/index.php?rest_route=%2Fwp%2Fv2%2Fproduct_cat&post=2341"},{"taxonomy":"product_tag","embeddable":true,"href":"https:\/\/wundshop.v2202409233605284516.goodsrv.de\/index.php?rest_route=%2Fwp%2Fv2%2Fproduct_tag&post=2341"}],"curies":[{"name":"wp","href":"https:\/\/api.w.org\/{rel}","templated":true}]}}