{"id":2322,"date":"2025-01-25T20:40:21","date_gmt":"2025-01-25T19:40:21","guid":{"rendered":"https:\/\/wundshop.v2202409233605284516.goodsrv.de\/?post_type=product&#038;p=2322"},"modified":"2025-01-25T20:49:44","modified_gmt":"2025-01-25T19:49:44","slug":"schnellpflaster-weroplast-bluemamba","status":"publish","type":"product","link":"https:\/\/wundshop.v2202409233605284516.goodsrv.de\/?product=schnellpflaster-weroplast-bluemamba","title":{"rendered":"Schnellpflaster Weroplast\u00ae BlueMamba"},"content":{"rendered":"<h2 class=\"sqGkiQr o__5g37oh---typography-11-runningText o__5g37oh---priority-7-primary _HOcyB x4nptw sxbtulv\" aria-hidden=\"false\" data-hook=\"info-section-title\">Produktinformationen &#8220;Schnellpflaster BlueMamba&#8221;<\/h2>\n<div class=\"aecizt QfrfFD cell\"><\/div>\n<div class=\"rah-static rah-static--height-auto\" aria-hidden=\"false\">\n<div>\n<div class=\"ulKuLk QfrfFD cell\">\n<div class=\"zp8uy2\" data-hook=\"info-section-description\">\n<div>Weroplast\u00ae BlueMamba haftet dank seiner besonderen Struktur nur an sich selbst \u2013 aber nicht an Haut, Haaren oder der Wunde.<\/div>\n<div>\n<p>Anwendung<\/p>\n<p>Die schnelle Wundversorgung \u2013 selbsthaftend, abrei\u00dfbar, atmungsaktiv. Haftet in sich, nicht auf Wunde, Haut und Haaren. Hinterl\u00e4sst keine Kleber\u00fcckst\u00e4nde und l\u00e4sst sich schmerzfrei entfernen. Latex- und klebstofffrei, daher auch f\u00fcr Allergiker geeignet. Besonders geeignet bei Fingergelenk- und Fingerkuppenverletzungen.<\/p>\n<p>1. Verpackung \u00f6ffnen und Pflasterrolle entnehmen. Je nach St\u00e4rke der Blutung den Anfang des selbsthaftenden Pflasters mehrfach falten um ein Wundkissen zu bilden.<br \/>\n2. Das gefaltete Wundkissen auf die Wunde legen und 1 \u2013 2 x umwickeln.<br \/>\n3. Pflaster abrei\u00dfen oder abschneiden und loses Ende andr\u00fccken.<br \/>\n4. Fingerkuppenverletzung: Am Gelenk einmal umwickeln und spiralf\u00f6rmig zur Fingerkuppe weiterf\u00fchren. Mehrmals um die Kuppe wickeln. Bei st\u00e4rkerer Blutung ein Wundkissen bilden. Spiralf\u00f6rmig wieder zum Ausgangspunkt wickeln. Pflaster abrei\u00dfen oder abschneiden und loses Ende andr\u00fccken.<\/p>\n<p>Produkteigenschaften:<\/p>\n<ul>\n<li>Abmessung: 3 cm x 5,5 m<\/li>\n<li>Selbstklebend<\/li>\n<li>Latexfrei<\/li>\n<li>Wasser- und \u00f6labweisend<\/li>\n<\/ul>\n<p>&nbsp;<\/p>\n<\/div>\n<div>\n<table style=\"height: 138px;\" width=\"492\">\n<tbody>\n<tr>\n<td>REF<\/td>\n<td>201029<\/td>\n<\/tr>\n<tr>\n<td>Eigenschaft<\/td>\n<td>klebstofffrei, latexfrei, wasserabweisend, \u00f6lbest\u00e4ndig<\/td>\n<\/tr>\n<tr>\n<td>Farbe<\/td>\n<td>blau<\/td>\n<\/tr>\n<tr>\n<td>Marke<\/td>\n<td>Weroplast\u00ae BlueMamba<\/td>\n<\/tr>\n<\/tbody>\n<\/table>\n<\/div>\n<\/div>\n<\/div>\n<\/div>\n<\/div>\n","protected":false},"excerpt":{"rendered":"<p>Klebstofffreies Pflaster<\/p>\n<ul>\n<li>Selbsthaftend (koh\u00e4siv)<\/li>\n<li>Blutabsorbierend<\/li>\n<li>Elastisches, rutschfestes Material<\/li>\n<li>Farbe: blau \u2013 zur visuellen Erkennbarkeit<\/li>\n<li>Hautfreundlich<\/li>\n<li>Wasser- und \u00f6labweisend<\/li>\n<li>Latex- und klebstofffrei<\/li>\n<li>Schmerzlos zu entfernen<\/li>\n<li>Geeignet f\u00fcr den Lebensmittelbereich<\/li>\n<\/ul>\n","protected":false},"featured_media":2323,"comment_status":"open","ping_status":"closed","template":"","meta":{"_seopress_robots_primary_cat":"","_seopress_titles_title":"","_seopress_titles_desc":"","_seopress_robots_index":""},"product_brand":[],"product_cat":[482],"product_tag":[493,494,484,498,485,497,415,491,488,496,417,486,416,490,495,414,483,489,409,487,492],"class_list":{"0":"post-2322","1":"product","2":"type-product","3":"status-publish","4":"has-post-thumbnail","6":"product_cat-pflaster","7":"product_tag-3-cm-x-5","8":"product_tag-5-m","9":"product_tag-abreissbar","10":"product_tag-allergiker-geeignet","11":"product_tag-atmungsaktiv","12":"product_tag-blau","13":"product_tag-bluemamba","14":"product_tag-fingerkuppenverletzungen","15":"product_tag-haaren","16":"product_tag-keine-kleberueckstaende","17":"product_tag-klebstofffrei","18":"product_tag-klebt-nicht-an-haut","19":"product_tag-latexfrei","20":"product_tag-oelbestaendig","21":"product_tag-schmerzfrei-entfernen","22":"product_tag-schnellpflaster","23":"product_tag-selbsthaftend","24":"product_tag-wasserabweisend","25":"product_tag-weroplast","26":"product_tag-wunde","27":"product_tag-wundkissen","30":"instock","31":"shipping-taxable","32":"purchasable","33":"product-type-variable"},"_links":{"self":[{"href":"https:\/\/wundshop.v2202409233605284516.goodsrv.de\/index.php?rest_route=\/wp\/v2\/product\/2322","targetHints":{"allow":["GET"]}}],"collection":[{"href":"https:\/\/wundshop.v2202409233605284516.goodsrv.de\/index.php?rest_route=\/wp\/v2\/product"}],"about":[{"href":"https:\/\/wundshop.v2202409233605284516.goodsrv.de\/index.php?rest_route=\/wp\/v2\/types\/product"}],"replies":[{"embeddable":true,"href":"https:\/\/wundshop.v2202409233605284516.goodsrv.de\/index.php?rest_route=%2Fwp%2Fv2%2Fcomments&post=2322"}],"version-history":[{"count":4,"href":"https:\/\/wundshop.v2202409233605284516.goodsrv.de\/index.php?rest_route=\/wp\/v2\/product\/2322\/revisions"}],"predecessor-version":[{"id":2334,"href":"https:\/\/wundshop.v2202409233605284516.goodsrv.de\/index.php?rest_route=\/wp\/v2\/product\/2322\/revisions\/2334"}],"wp:featuredmedia":[{"embeddable":true,"href":"https:\/\/wundshop.v2202409233605284516.goodsrv.de\/index.php?rest_route=\/wp\/v2\/media\/2323"}],"wp:attachment":[{"href":"https:\/\/wundshop.v2202409233605284516.goodsrv.de\/index.php?rest_route=%2Fwp%2Fv2%2Fmedia&parent=2322"}],"wp:term":[{"taxonomy":"product_brand","embeddable":true,"href":"https:\/\/wundshop.v2202409233605284516.goodsrv.de\/index.php?rest_route=%2Fwp%2Fv2%2Fproduct_brand&post=2322"},{"taxonomy":"product_cat","embeddable":true,"href":"https:\/\/wundshop.v2202409233605284516.goodsrv.de\/index.php?rest_route=%2Fwp%2Fv2%2Fproduct_cat&post=2322"},{"taxonomy":"product_tag","embeddable":true,"href":"https:\/\/wundshop.v2202409233605284516.goodsrv.de\/index.php?rest_route=%2Fwp%2Fv2%2Fproduct_tag&post=2322"}],"curies":[{"name":"wp","href":"https:\/\/api.w.org\/{rel}","templated":true}]}}