{"id":2265,"date":"2025-01-25T19:44:53","date_gmt":"2025-01-25T18:44:53","guid":{"rendered":"https:\/\/wundshop.v2202409233605284516.goodsrv.de\/?post_type=product&#038;p=2265"},"modified":"2025-01-25T19:58:08","modified_gmt":"2025-01-25T18:58:08","slug":"handwaschpaste-aktivin-rubstar","status":"publish","type":"product","link":"https:\/\/wundshop.v2202409233605284516.goodsrv.de\/?product=handwaschpaste-aktivin-rubstar","title":{"rendered":"Handwaschpaste Aktivin\u00ae RubStar"},"content":{"rendered":"<div class=\"rah-static rah-static--height-auto\" aria-hidden=\"false\">\n<div class=\"ulKuLk QfrfFD cell\">\n<div class=\"zp8uy2\" data-hook=\"info-section-description\">\n<div>\n<h2 class=\"sqGkiQr o__5g37oh---typography-11-runningText o__5g37oh---priority-7-primary _HOcyB x4nptw sxbtulv\" aria-hidden=\"false\" data-hook=\"info-section-title\">Produktinformationen &#8220;Handwaschpaste&#8221;<\/h2>\n<div class=\"aecizt QfrfFD cell\"><\/div>\n<div class=\"rah-static rah-static--height-auto\" aria-hidden=\"false\">\n<div>\n<div class=\"ulKuLk QfrfFD cell\">\n<div class=\"zp8uy2\" data-hook=\"info-section-description\">\n<div>\n<p>Cremige Handwaschpaste mit hoher Reinigungskraft bei mittleren bis starken Verschmutzungen. Vielseitig einsetzbar f\u00fcr die gr\u00fcndliche Reinigung von \u00d6l-, Fett- und Industrieverschmutzungen. Mit umweltschonenden Naturreibek\u00f6rpern aus Walnussschalenmehl und hochwertigen R\u00fcckfettern. Frei von Mikroplastik, L\u00f6semitteln und Seifen. Verursacht kein Verstopfen von Abfl\u00fcssen.<\/p>\n<p>Anwendung<\/p>\n<p>Zun\u00e4chst ohne Wasser unverd\u00fcnnt auf den verschmutzten H\u00e4nden gut verreiben bis sich der Schmutz l\u00f6st. Mit wenig Wasser weiter waschen. Abschlie\u00dfend gr\u00fcndlich unter flie\u00dfendem Wasser absp\u00fclen.<\/p>\n<p>Ingredients (INCI)<\/p>\n<p>AQUA, JUGLANS REGIA SHELL POWDER, SODIUM LAURETH SULFATE, SULFATED CASTOR OIL, OLEIC ACID, LAURETH-6, SODIUM CHLORIDE, SODIUM BENZOATE, CELLULOSE GUM, TITANIUM DIOXIDE, CITRIC ACID, XANTHAN GUM, GLYCERYL OLEATE, COCO GLUCOSIDE, PARFUM<\/p>\n<p>&nbsp;<\/p>\n<\/div>\n<div>\n<table style=\"height: 110px;\" width=\"236\">\n<tbody>\n<tr>\n<td>REF<\/td>\n<td>20741300<\/td>\n<\/tr>\n<tr>\n<td>Warengruppe<\/td>\n<td>AR<\/td>\n<\/tr>\n<tr>\n<td>Reinigungsgrad<\/td>\n<td>3<\/td>\n<\/tr>\n<\/tbody>\n<\/table>\n<\/div>\n<\/div>\n<\/div>\n<\/div>\n<\/div>\n<\/div>\n<\/div>\n<\/div>\n<\/div>\n","protected":false},"excerpt":{"rendered":"<p>Stark gegen Schmutz und hautschonend zugleich<\/p>\n<ul>\n<li>Vielseitig einsetzbar f\u00fcr die gr\u00fcndliche Reinigung von \u00d6l-, Fett- und Industrieverschmutzungen<\/li>\n<li>Naturreibek\u00f6rper aus Walnussschalenmehl<\/li>\n<li>Frei von L\u00f6semitteln<\/li>\n<li>Mit hochwertigen R\u00fcckfettern<\/li>\n<li>Verursacht kein Verstopfen von Abfl\u00fcssen<\/li>\n<li>Mikroplastikfrei<\/li>\n<\/ul>\n<p>&nbsp;<\/p>\n<p>Reinigungsgrad\u00a0\u2778<\/p>\n","protected":false},"featured_media":2267,"comment_status":"open","ping_status":"closed","template":"","meta":{"_seopress_robots_primary_cat":"","_seopress_titles_title":"","_seopress_titles_desc":"","_seopress_robots_index":""},"product_brand":[],"product_cat":[153],"product_tag":[242,249,252,328,303,297,332,335,338,296,232,337,333,251,336,291,323,340,257,246,236,240,322,325,334,304,339,330,294,292,237,324,326,238,341,241,329],"class_list":{"0":"post-2265","1":"product","2":"type-product","3":"status-publish","4":"has-post-thumbnail","6":"product_cat-hautpflegeprodukte","7":"product_tag-abfluss","8":"product_tag-anwendung","9":"product_tag-aqua","10":"product_tag-cellulose-gum","11":"product_tag-citric-acid","12":"product_tag-coco-glucoside","13":"product_tag-cremige-handwaschpaste","14":"product_tag-fettverschmutzungen","15":"product_tag-frei-von-mikroplastik","16":"product_tag-glyceryl-oleate","17":"product_tag-handwaschpaste","18":"product_tag-hochwertige-rueckfetter","19":"product_tag-hohe-reinigungskraft","20":"product_tag-inci","21":"product_tag-industrieverschmutzungen","22":"product_tag-ingredients","23":"product_tag-juglans-regia-shell-powder","24":"product_tag-kein-verstopfen","25":"product_tag-laureth-6","26":"product_tag-loesemittelfrei","27":"product_tag-mittlere-verschmutzungen","28":"product_tag-naturreibekoerper","29":"product_tag-ohne-wasser","30":"product_tag-oleic-acid","31":"product_tag-oelverschmutzungen","32":"product_tag-parfum","33":"product_tag-seifenfrei","34":"product_tag-sodium-benzoate","35":"product_tag-sodium-chloride","36":"product_tag-sodium-laureth-sulfate","37":"product_tag-starke-verschmutzungen","38":"product_tag-sulfated-castor-oil","39":"product_tag-titanium-dioxide","40":"product_tag-umweltschonend","41":"product_tag-vielseitig-einsetzbar","42":"product_tag-walnussschalenmehl","43":"product_tag-xanthan-gum","46":"instock","47":"shipping-taxable","48":"purchasable","49":"product-type-variable"},"_links":{"self":[{"href":"https:\/\/wundshop.v2202409233605284516.goodsrv.de\/index.php?rest_route=\/wp\/v2\/product\/2265","targetHints":{"allow":["GET"]}}],"collection":[{"href":"https:\/\/wundshop.v2202409233605284516.goodsrv.de\/index.php?rest_route=\/wp\/v2\/product"}],"about":[{"href":"https:\/\/wundshop.v2202409233605284516.goodsrv.de\/index.php?rest_route=\/wp\/v2\/types\/product"}],"replies":[{"embeddable":true,"href":"https:\/\/wundshop.v2202409233605284516.goodsrv.de\/index.php?rest_route=%2Fwp%2Fv2%2Fcomments&post=2265"}],"version-history":[{"count":4,"href":"https:\/\/wundshop.v2202409233605284516.goodsrv.de\/index.php?rest_route=\/wp\/v2\/product\/2265\/revisions"}],"predecessor-version":[{"id":2276,"href":"https:\/\/wundshop.v2202409233605284516.goodsrv.de\/index.php?rest_route=\/wp\/v2\/product\/2265\/revisions\/2276"}],"wp:featuredmedia":[{"embeddable":true,"href":"https:\/\/wundshop.v2202409233605284516.goodsrv.de\/index.php?rest_route=\/wp\/v2\/media\/2267"}],"wp:attachment":[{"href":"https:\/\/wundshop.v2202409233605284516.goodsrv.de\/index.php?rest_route=%2Fwp%2Fv2%2Fmedia&parent=2265"}],"wp:term":[{"taxonomy":"product_brand","embeddable":true,"href":"https:\/\/wundshop.v2202409233605284516.goodsrv.de\/index.php?rest_route=%2Fwp%2Fv2%2Fproduct_brand&post=2265"},{"taxonomy":"product_cat","embeddable":true,"href":"https:\/\/wundshop.v2202409233605284516.goodsrv.de\/index.php?rest_route=%2Fwp%2Fv2%2Fproduct_cat&post=2265"},{"taxonomy":"product_tag","embeddable":true,"href":"https:\/\/wundshop.v2202409233605284516.goodsrv.de\/index.php?rest_route=%2Fwp%2Fv2%2Fproduct_tag&post=2265"}],"curies":[{"name":"wp","href":"https:\/\/api.w.org\/{rel}","templated":true}]}}