{"id":2230,"date":"2025-01-24T20:15:50","date_gmt":"2025-01-24T19:15:50","guid":{"rendered":"https:\/\/wundshop.v2202409233605284516.goodsrv.de\/?post_type=product&#038;p=2230"},"modified":"2025-01-24T20:40:56","modified_gmt":"2025-01-24T19:40:56","slug":"handwaschpaste-aktivin-handfriend","status":"publish","type":"product","link":"https:\/\/wundshop.v2202409233605284516.goodsrv.de\/?product=handwaschpaste-aktivin-handfriend","title":{"rendered":"Handwaschpaste Aktivin\u00ae HandFriend"},"content":{"rendered":"<h2 class=\"sqGkiQr o__5g37oh---typography-11-runningText o__5g37oh---priority-7-primary _HOcyB x4nptw sxbtulv\" aria-hidden=\"false\" data-hook=\"info-section-title\">Produktinformationen &#8220;Handwaschpaste HandFriend&#8221;<\/h2>\n<div class=\"aecizt QfrfFD cell\"><\/div>\n<div class=\"rah-static rah-static--height-auto\" aria-hidden=\"false\">\n<div>\n<div class=\"ulKuLk QfrfFD cell\">\n<div class=\"zp8uy2\" data-hook=\"info-section-description\">\n<div>\n<p>Pflegender Handreiniger mit sehr hoher Reinigungskraft bei mittleren bis starken Verschmutzungen. Mit umweltschonenden und biologisch abbaubaren Naturreibek\u00f6rpern aus Walnussschalenmehl. Verursacht kein Verstopfen von Abfl\u00fcssen. Spezielle R\u00fcckfetter machen die Haut glatt und geschmeidig. Frei von L\u00f6semittel, Farb- und Duftstoffen.<\/p>\n<p>Besonders geeignet zur Verwendung im Lebensmittelbereich.<\/p>\n<p>Anwendung<\/p>\n<p>Ca. 2-3 ml Aktivin\u00ae HandFriend ohne Wasser in den schmutzigen H\u00e4nden gr\u00fcndlich verreiben, mit wenig Wasser weiter waschen und anschlie\u00dfend mit viel Wasser gut absp\u00fclen. H\u00e4nde gr\u00fcndlich abtrocknen.<\/p>\n<p><span style=\"vertical-align: inherit;\"><span style=\"vertical-align: inherit;\">Inhaltsstoffe (INCI)<\/span><\/span><\/p>\n<p><span style=\"vertical-align: inherit;\"><span style=\"vertical-align: inherit;\">AQUA, JUGLANS REGIA-MUSCHELPULVER, NATRIUMLAURETH-SULFAT, SULFATIERTES RIZINUS\u00d6L, \u00d6LS\u00c4URE, LAURETH-6, NATRIUMCHLORID, NATRIUMBENZOAT, CELLULOSEGUMMI, TITANDIOXID, ZITRONENS\u00c4URE, XANTHANGUMMI, GLYCERYLOLEAT, KOKOGLUCOSID<\/span><\/span><\/p>\n<p>&nbsp;<\/p>\n<\/div>\n<div>\n<table style=\"height: 144px;\" width=\"266\">\n<tbody>\n<tr>\n<td><span style=\"vertical-align: inherit;\"><span style=\"vertical-align: inherit;\"><span style=\"vertical-align: inherit;\"><span style=\"vertical-align: inherit;\">Referenz<\/span><\/span><\/span><\/span><\/td>\n<td><span style=\"vertical-align: inherit;\"><span style=\"vertical-align: inherit;\"><span style=\"vertical-align: inherit;\"><span style=\"vertical-align: inherit;\">20744800<\/span><\/span><\/span><\/span><\/td>\n<\/tr>\n<tr>\n<td>Warengruppe<\/td>\n<td><span style=\"vertical-align: inherit;\"><span style=\"vertical-align: inherit;\"><span style=\"vertical-align: inherit;\"><span style=\"vertical-align: inherit;\">AR<\/span><\/span><\/span><\/span><\/td>\n<\/tr>\n<tr>\n<td>Reinigungsgrad<\/td>\n<td><span style=\"vertical-align: inherit;\"><span style=\"vertical-align: inherit;\"><span style=\"vertical-align: inherit;\"><span style=\"vertical-align: inherit;\">3<\/span><\/span><\/span><\/span><\/td>\n<\/tr>\n<tr>\n<td>Inhalt<\/td>\n<td><span style=\"vertical-align: inherit;\"><span style=\"vertical-align: inherit;\"><span style=\"vertical-align: inherit;\"><span style=\"vertical-align: inherit;\">250 ml<\/span><\/span><\/span><\/span><\/td>\n<\/tr>\n<\/tbody>\n<\/table>\n<\/div>\n<\/div>\n<\/div>\n<\/div>\n<\/div>\n","protected":false},"excerpt":{"rendered":"<p>Starke Reinigungskraft mit Naturreibek\u00f6rper &#8211; ohne Duft- und Farbstoffe<\/p>\n<ul>\n<li>Hohe Reinigungskraft bei industriellen Verschmutzungen, wie z.B. \u00d6le, Fette und Graphit<\/li>\n<li>Zur Verwendung im Lebensmittelbereich geeignet<\/li>\n<li>Nat\u00fcrliche Reibek\u00f6rper aus Walnussschalenmehl<\/li>\n<li>Frei von L\u00f6semitteln, Farb- und Duftstoffen<\/li>\n<li>Sp\u00fcrbar angenehmes Hautgef\u00fchl<\/li>\n<li>Mit hochwertigen R\u00fcckfettern<\/li>\n<li>Verursacht kein Verstopfen von Abfl\u00fcssen<\/li>\n<li>Mikroplastikfrei<\/li>\n<\/ul>\n<p>Reinigungsgrad\u00a0\u2778<\/p>\n","protected":false},"featured_media":2232,"comment_status":"open","ping_status":"closed","template":"","meta":{"_seopress_robots_primary_cat":"","_seopress_titles_title":"","_seopress_titles_desc":"","_seopress_robots_index":""},"product_brand":[],"product_cat":[153],"product_tag":[267,273,271,242,248,249,252,269,239,260,134,135,245,264,233,234,232,244,251,272,250,253,265,257,247,246,236,259,258,254,240,256,266,270,235,243,237,255,261,238,241,268,263,262],"class_list":{"0":"post-2230","1":"product","2":"type-product","3":"status-publish","4":"has-post-thumbnail","6":"product_cat-hautpflegeprodukte","7":"product_tag-267","8":"product_tag-250-ml","9":"product_tag-271","10":"product_tag-abfluss","11":"product_tag-aktivin","12":"product_tag-anwendung","13":"product_tag-aqua","14":"product_tag-ar","15":"product_tag-biologisch-abbaubar","16":"product_tag-cellulosegummi","17":"product_tag-duftstofffrei","18":"product_tag-farbstofffrei","19":"product_tag-geschmeidige-haut","20":"product_tag-glyceryloleat","21":"product_tag-handfriend","22":"product_tag-handreiniger","23":"product_tag-handwaschpaste","24":"product_tag-hautpflege","25":"product_tag-inci","26":"product_tag-inhalt","27":"product_tag-inhaltsstoffe","28":"product_tag-juglans-regia-muschelpulver","29":"product_tag-kokoglucosid","30":"product_tag-laureth-6","31":"product_tag-lebensmittelbereich","32":"product_tag-loesemittelfrei","33":"product_tag-mittlere-verschmutzungen","34":"product_tag-natriumbenzoat","35":"product_tag-natriumchlorid","36":"product_tag-natriumlaureth-sulfat","37":"product_tag-naturreibekoerper","38":"product_tag-oelsaeure","39":"product_tag-referenz","40":"product_tag-reinigungsgrad","41":"product_tag-reinigungskraft","42":"product_tag-rueckfetter","43":"product_tag-starke-verschmutzungen","44":"product_tag-sulfatiertes-rizinusoel","45":"product_tag-titandioxid","46":"product_tag-umweltschonend","47":"product_tag-walnussschalenmehl","48":"product_tag-warengruppe","49":"product_tag-xanthangummi","50":"product_tag-zitronensaeure","53":"instock","54":"shipping-taxable","55":"purchasable","56":"product-type-variable","57":"has-default-attributes"},"_links":{"self":[{"href":"https:\/\/wundshop.v2202409233605284516.goodsrv.de\/index.php?rest_route=\/wp\/v2\/product\/2230","targetHints":{"allow":["GET"]}}],"collection":[{"href":"https:\/\/wundshop.v2202409233605284516.goodsrv.de\/index.php?rest_route=\/wp\/v2\/product"}],"about":[{"href":"https:\/\/wundshop.v2202409233605284516.goodsrv.de\/index.php?rest_route=\/wp\/v2\/types\/product"}],"replies":[{"embeddable":true,"href":"https:\/\/wundshop.v2202409233605284516.goodsrv.de\/index.php?rest_route=%2Fwp%2Fv2%2Fcomments&post=2230"}],"version-history":[{"count":4,"href":"https:\/\/wundshop.v2202409233605284516.goodsrv.de\/index.php?rest_route=\/wp\/v2\/product\/2230\/revisions"}],"predecessor-version":[{"id":2238,"href":"https:\/\/wundshop.v2202409233605284516.goodsrv.de\/index.php?rest_route=\/wp\/v2\/product\/2230\/revisions\/2238"}],"wp:featuredmedia":[{"embeddable":true,"href":"https:\/\/wundshop.v2202409233605284516.goodsrv.de\/index.php?rest_route=\/wp\/v2\/media\/2232"}],"wp:attachment":[{"href":"https:\/\/wundshop.v2202409233605284516.goodsrv.de\/index.php?rest_route=%2Fwp%2Fv2%2Fmedia&parent=2230"}],"wp:term":[{"taxonomy":"product_brand","embeddable":true,"href":"https:\/\/wundshop.v2202409233605284516.goodsrv.de\/index.php?rest_route=%2Fwp%2Fv2%2Fproduct_brand&post=2230"},{"taxonomy":"product_cat","embeddable":true,"href":"https:\/\/wundshop.v2202409233605284516.goodsrv.de\/index.php?rest_route=%2Fwp%2Fv2%2Fproduct_cat&post=2230"},{"taxonomy":"product_tag","embeddable":true,"href":"https:\/\/wundshop.v2202409233605284516.goodsrv.de\/index.php?rest_route=%2Fwp%2Fv2%2Fproduct_tag&post=2230"}],"curies":[{"name":"wp","href":"https:\/\/api.w.org\/{rel}","templated":true}]}}