{"id":2225,"date":"2025-01-24T20:07:43","date_gmt":"2025-01-24T19:07:43","guid":{"rendered":"https:\/\/wundshop.v2202409233605284516.goodsrv.de\/?post_type=product&#038;p=2225"},"modified":"2025-01-24T20:14:32","modified_gmt":"2025-01-24T19:14:32","slug":"uv-schutzcreme-aktivin-bruzzelschutz-lsf-50-100-ml","status":"publish","type":"product","link":"https:\/\/wundshop.v2202409233605284516.goodsrv.de\/?product=uv-schutzcreme-aktivin-bruzzelschutz-lsf-50-100-ml","title":{"rendered":"UV-Schutzcreme Aktivin\u00ae BruzzelSchutz LSF 50, 100 ml"},"content":{"rendered":"<h2 class=\"sqGkiQr o__5g37oh---typography-11-runningText o__5g37oh---priority-7-primary _HOcyB x4nptw sxbtulv\" aria-hidden=\"false\" data-hook=\"info-section-title\">Produktinformationen &#8220;UV-Schutzcreme&#8221;<\/h2>\n<div class=\"aecizt QfrfFD cell\"><\/div>\n<div class=\"rah-static rah-static--height-auto\" aria-hidden=\"false\">\n<div>\n<div class=\"ulKuLk QfrfFD cell\">\n<div class=\"zp8uy2\" data-hook=\"info-section-description\">\n<div>\n<p>UV Schutzcreme f\u00fcr die Haut<\/p>\n<p>Wer im Freien arbeitet oder k\u00fcnstlich erzeugter UV-Strahlung wie etwa beim Schwei\u00dfen oder bei der Arbeit mit dem Gasbrenner ausgesetzt ist, muss seine Haut mit UV Schutzcreme sch\u00fctzen. Neben der Sonnenstrahlung kann auch die Strahlung k\u00fcnstlicher UV-Quellen schmerzhafte Sonnenbr\u00e4nde und Hautkrebserkrankungen verursachen, sofern sich jemand nicht ausreichend sch\u00fctzt. Wir bieten Ihnen mit unserer Sonnenschutzcreme einen zuverl\u00e4ssigen Schutz vor Sonnenbrand, Hautsch\u00e4digung und vorzeitiger Hautalterung. Die Creme zieht schnell ein, ist wasserfest und mit einem hohen Lichtschutzfaktor ausgestattet. Doch wie wirkt eine UV Schutzcreme und welche Auswirkungen zeigen die verschiedenen Arten der UV Strahlung?<\/p>\n<p>Das Wirkungsprinzip von UVA-, UVB- und UVC-Strahlen<\/p>\n<p>Die Ultraviolettstrahlung ist eine f\u00fcr das menschliche Auge nicht wahrnehmbare elektromagnetische Strahlung. Nat\u00fcrliche Quelle dieser kurzwelligen Strahlen ist ausschlie\u00dflich das Sonnenlicht, dem wir bei jedem Aufenthalt im Freien ausgesetzt sind. Denn auch bei bedecktem Himmel dringen diese Strahlen in milder Form bis zur Erdoberfl\u00e4che vor. Bei wolkenlosem Himmel an hei\u00dfen Tagen entfaltet die Sonne ihre volle Intensit\u00e4t. Die ungesch\u00fctzte Haut ist der Ultraviolettstrahlung und der sch\u00e4digenden Wirkung ausgeliefert.<\/p>\n<p>UVA-Strahlen zeichnen sich durch lange UV-Wellen mit geringer Energie aus. Sie sind in der Lage, tief in das Hautgewebe bis zur Lederhaut einzudringen. Obwohl sie f\u00fcr die direkte Pigmentierung der Haut verantwortlich sind, produzieren sie eine nur wenige Stunden anhaltende Br\u00e4une. Zeitgleich sch\u00e4digt UVA-Strahlung die Kollagene der Haut, die dadurch fr\u00fchzeitig altert. Obwohl diese Strahlen kaum in der Lage sind, Sonnenbrand zu erzeugen, erh\u00f6hen Sie das Melanom-Risiko; also das Auftreten b\u00f6sartigen Hautkrebses. Eine spezielle UV Sonnenschutzcreme sch\u00fctzt vor diesen Hautsch\u00e4digungen.<\/p>\n<p>UVB-Strahlen sind mittelwellige Strahlen und dringen in weniger tiefe Hautschichten vor. Sie sind unverzichtbar f\u00fcr die Vitamin-D-Bildung und verantwortlich f\u00fcr die um ungef\u00e4hr 72 Stunden verz\u00f6gerte Bildung von Melanin. Daraus resultieren eine langfristige Br\u00e4unung und der vor allem im Sommer so wichtige Lichtschutz der Haut. Ohne Sonnenschutz verursachen UVB-Strahlen den oft sehr schmerzhaften Sonnenbrand auf der Haut. Obwohl diese Strahlen f\u00fcr die gesunde Br\u00e4une der Haut verantwortlich sind, sind sie auch gef\u00e4hrlich: Sie besitzen eine besonders hohe kanzerogene Wirkung und gelten als prominente Ausl\u00f6ser von Hautkrebsarten wie das Basalzellkarzinom oder das Plattenepithelkarzinom.<\/p>\n<p>UVC-Strahlen sind die energiereichsten, kurzwelligen Strahlen. Sie kommen normalerweise an der Erdoberfl\u00e4che nicht vor, sondern werden von der Ozonschicht der Atmosph\u00e4re weitgehend herausgefiltert. Allerdings entstehen UVC-Strahlen beispielsweise beim Lichtbogenschwei\u00dfen sowie bei Arbeiten mit Gasbrennern. Sie sind \u00e4u\u00dferst aggressiv und verursachen in k\u00fcrzester Zeit Sonnenbrand. Prinzipiell sind UVC-Strahlen aber sogar in der Lage, Mikroorganismen abzut\u00f6ten und werden daher unter anderem in der Dekontamination von Lebensmitteln angewendet.<\/p>\n<p>UV-Filter &#8211; die wichtigsten Bestandteile jeder Sonnenschutzcreme<\/p>\n<p>Die Arbeitsgemeinschaft Dermatologische Pr\u00e4vention r\u00e4t bereits ab einem Aufenthalt von zehn bis 15 Minuten im Freien zum Auftragen einer UV Schutzcreme respektive zum allgemeinen Sonnenschutz durch Bedecken der Haut. W\u00e4hrend bei k\u00fchleren Temperaturen eine Tagescreme mit Lichtschutzfaktor ausreicht, empfiehlt sich im Sommer unbedingt eine gute Sonnencreme.<\/p>\n<p>Eine wirksame UV Schutzcreme ist mit einem zuverl\u00e4ssigen UVA-, UVB- und UVC-Filter ausgestattet. Diese l\u00f6sen sich in der Sonnenschutzcreme gut auf und verteilen sich in der Creme gleichm\u00e4\u00dfig. Beim Auftragen auf die Haut erzeugen sie einen unsichtbaren Schutzfilm, der die sch\u00e4dlichen UV-Strahlen absorbiert.<\/p>\n<p>Hinweise f\u00fcr die Anwendung von Sonnencreme:<\/p>\n<ul>\n<li>UV-Schutzcreme 30 Minuten vor der UV-Exposition bzw. dem Sonnenkontakt das erste Mal auftragen.<\/li>\n<li>Verwenden Sie reichlich UV-Schutzcreme!<\/li>\n<li>Denken Sie besonders an den Schutz von Lippen, Ohrr\u00e4nder, Nase, Dekollet\u00e9 und ggfs. Fu\u00dfr\u00fccken.<\/li>\n<li>Sonnenschutzcreme alle zwei Stunden und nach jedem Schwimmen erneut auftragen.<\/li>\n<li>Ber\u00fccksichtigen Sie den Lichtschutzfaktor.<\/li>\n<li>Sonnenschutzcreme verl\u00e4ngert die Aufenthaltszeit in der Sonne nicht durch mehrmaliges Auftragen.<\/li>\n<\/ul>\n<p>Der Lichtschutzfaktor in der UV Schutzcreme<\/p>\n<p>Je h\u00f6her der Lichtschutzfaktor einer Sonnencreme ist, umso l\u00e4nger k\u00f6nnen Sie sich ohne unangenehme Folgen in der Sonne aufhalten. Die genaue Angabe dieses Faktors finden Sie auf den verschiedenen Produkten unter der Abk\u00fcrzung LSF. Der f\u00fcr Sie pers\u00f6nlich optimale Aufenthalt in der Sonne ohne Hautsch\u00e4digung h\u00e4ngt jedoch von verschiedenen Faktoren ab. Dies ist in erster Linie die Eigenschutzzeit Ihrer Haut. Ein Aspekt, der h\u00e4ufig zu wenig Beachtung findet und vielen Sonnenliebhabern nicht bekannt ist.<\/p>\n<p>Die gebr\u00e4uchlichste Klassifikation ist die Einstufung nach Thomas Fitzpatrick, einem amerikanischen Dermatologen. Er unterscheidet zwischen sechs verschiedenen Hauttypen mit unterschiedlicher Eigenschutzzeit. Der empfohlene Lichtschutzfaktor richtet sich in der nachfolgenden Auflistung nach dem UV-Index 9+, starker Sonneneinstrahlung:<\/p>\n<ul>\n<li>Typ I, sehr helle Hautfarbe: 10 Minuten, LSF 25 &#8211; 35<\/li>\n<li>Typ II, helle Hautfarbe: 10 &#8211; 20 Minuten, LSF 20 &#8211; 25<\/li>\n<li>Typ III, mittlere Hautfarbe: 20 &#8211; 30 Minuten, LSF 15 &#8211; 20<\/li>\n<li>Typ IV, br\u00e4unliche Hautfarbe: mehr als 30 Minuten, LSF 15<\/li>\n<li>Typ V, dunkle Hautfarbe: mehr als 90 Minuten, LSF 8<\/li>\n<li>Typ VI, sehr dunkle Hautfarbe: mehr als 90 Minuten, LSF 4<\/li>\n<\/ul>\n<p>Kennen Sie Ihre pers\u00f6nliche Eigenschutzzeit, ist es einfach, die f\u00fcr Sie optimale Aufenthaltsdauer in der Sonne zu berechnen. Multiplizieren Sie die Eigenschutzzeit Ihrer Haut mit dem auf der UV -Schutzcreme angegebenen Lichtschutzfaktor. Das Ergebnis ist die Zeit, die Sie ohne Reue in der Sonne genie\u00dfen d\u00fcrfen. M\u00f6chten Sie lieber auf Nummer sicher gehen, reduzieren Sie das Ergebnis um 40 Prozent.<\/p>\n<p>Sonnenschutzcreme am Arbeitsplatz<\/p>\n<p>Dort, wo Arbeitgeber einen direkten Hautkontakt mit UV-Strahlen nicht verhindern k\u00f6nnen, m\u00fcssen sie laut Arbeitsschutzgesetz ihren Mitarbeitern UV Sonnenschutzcreme zur Verf\u00fcgung stellen. Wir empfehlen, die Creme vor jedem Aufenthalt in der Sonne auf die gef\u00e4hrdeten Hautpartien aufzutragen. Als Voraussetzung gilt dabei, dass die Haut sauber und trocken ist. Mitarbeiter sollten vor allem nach dem Waschen oder nach st\u00e4rkerem Schwitzen immer wieder nachcremen. F\u00fcr einen optimalen Arbeitsablauf in Ihrem Betrieb empfehlen wir unser Gebotszeichen \u201eHautschutzmittel benutzen\u201c. Aus gutem Grund sollten sich Ihre Mitarbeiter immer wieder vor Augen halten, dass sie sich mit der Sonnencreme vor Sonnenbrand und vor der allgemein sch\u00e4digenden Wirkung der UV-Strahlen wie deren karzinogenen Wirkung sch\u00fctzen m\u00fcssen.<\/p>\n<p>Die Gefahr, durch arbeitsbedingte UV-Strahlung an Hautkrebs zu erkranken, ist inzwischen nachgewiesen. Seit 01.01.2015 sind Plattenepithelkarzinome und aktinische Keratosen vom Bundesministerium f\u00fcr Arbeit und Soziales (BMAS) als Berufskrankheit anerkannt worden.<\/p>\n<p>&nbsp;<\/p>\n<\/div>\n<div>\n<table style=\"height: 100px;\" width=\"225\">\n<tbody>\n<tr>\n<td>REF<\/td>\n<td>20745015<\/td>\n<\/tr>\n<tr>\n<td>Warengruppe<\/td>\n<td>AS<\/td>\n<\/tr>\n<\/tbody>\n<\/table>\n<\/div>\n<\/div>\n<\/div>\n<\/div>\n<\/div>\n","protected":false},"excerpt":{"rendered":"<p>UV-Schutzcreme mit LSF 50<br \/>\nAllrounder gegen UV-A, UV-B und UV-C Strahlung<\/p>\n<ul>\n<li>Wasserfester Schutz<\/li>\n<li>Hinterl\u00e4sst keinen sichtbaren oder st\u00f6renden Film<\/li>\n<li>L\u00e4sst sich leicht verteilen<\/li>\n<li>Zieht schnell ein<\/li>\n<\/ul>\n","protected":false},"featured_media":2227,"comment_status":"open","ping_status":"closed","template":"","meta":{"_seopress_robots_primary_cat":"","_seopress_titles_title":"","_seopress_titles_desc":"","_seopress_robots_index":""},"product_brand":[],"product_cat":[153],"product_tag":[226,219,129,211,227,228,215,222,205,224,191,194,187,190,198,197,221,207,192,206,214,200,210,208,216,213,212,225,193,196,204,217,195,220,218,223,189,188,201,202,203,209,199],"class_list":{"0":"post-2225","1":"product","2":"type-product","3":"status-publish","4":"has-post-thumbnail","6":"product_cat-hautpflegeprodukte","7":"product_tag-aktinische-keratosen","8":"product_tag-arbeitsgemeinschaft-dermatologische-praevention","9":"product_tag-arbeitsschutzgesetz","10":"product_tag-basalzellkarzinom","11":"product_tag-berufskrankheit","12":"product_tag-bmas","13":"product_tag-dekontamination","14":"product_tag-eigenschutzzeit","15":"product_tag-elektromagnetische-strahlung","16":"product_tag-fitzpatrick","17":"product_tag-freiluftarbeit","18":"product_tag-gasbrenner","19":"product_tag-gebotszeichen","20":"product_tag-haut","21":"product_tag-hautalterung","22":"product_tag-hautkrebs","23":"product_tag-hauttyp","24":"product_tag-kollagen","25":"product_tag-kuenstliche-uv-strahlung","26":"product_tag-lederhaut","27":"product_tag-lichtbogenschweissen","28":"product_tag-lichtschutzfaktor","29":"product_tag-melanin","30":"product_tag-melanom-risiko","31":"product_tag-mikroorganismen","32":"product_tag-ozonschicht","33":"product_tag-plattenepithelkarzinom","34":"product_tag-plattenepithelkarzinome","35":"product_tag-schweissen","36":"product_tag-sonnenbrand","37":"product_tag-sonnenlicht","38":"product_tag-sonnenschutzcreme","39":"product_tag-sonnenstrahlung","40":"product_tag-tagescreme","41":"product_tag-uv-filter","42":"product_tag-uv-index","43":"product_tag-uv-schutz","44":"product_tag-uv-schutzcreme","45":"product_tag-uva-strahlen","46":"product_tag-uvb-strahlen","47":"product_tag-uvc-strahlen","48":"product_tag-vitamin-d-bildung","49":"product_tag-wasserfest","52":"instock","53":"shipping-taxable","54":"purchasable","55":"product-type-simple"},"_links":{"self":[{"href":"https:\/\/wundshop.v2202409233605284516.goodsrv.de\/index.php?rest_route=\/wp\/v2\/product\/2225","targetHints":{"allow":["GET"]}}],"collection":[{"href":"https:\/\/wundshop.v2202409233605284516.goodsrv.de\/index.php?rest_route=\/wp\/v2\/product"}],"about":[{"href":"https:\/\/wundshop.v2202409233605284516.goodsrv.de\/index.php?rest_route=\/wp\/v2\/types\/product"}],"replies":[{"embeddable":true,"href":"https:\/\/wundshop.v2202409233605284516.goodsrv.de\/index.php?rest_route=%2Fwp%2Fv2%2Fcomments&post=2225"}],"version-history":[{"count":3,"href":"https:\/\/wundshop.v2202409233605284516.goodsrv.de\/index.php?rest_route=\/wp\/v2\/product\/2225\/revisions"}],"predecessor-version":[{"id":2229,"href":"https:\/\/wundshop.v2202409233605284516.goodsrv.de\/index.php?rest_route=\/wp\/v2\/product\/2225\/revisions\/2229"}],"wp:featuredmedia":[{"embeddable":true,"href":"https:\/\/wundshop.v2202409233605284516.goodsrv.de\/index.php?rest_route=\/wp\/v2\/media\/2227"}],"wp:attachment":[{"href":"https:\/\/wundshop.v2202409233605284516.goodsrv.de\/index.php?rest_route=%2Fwp%2Fv2%2Fmedia&parent=2225"}],"wp:term":[{"taxonomy":"product_brand","embeddable":true,"href":"https:\/\/wundshop.v2202409233605284516.goodsrv.de\/index.php?rest_route=%2Fwp%2Fv2%2Fproduct_brand&post=2225"},{"taxonomy":"product_cat","embeddable":true,"href":"https:\/\/wundshop.v2202409233605284516.goodsrv.de\/index.php?rest_route=%2Fwp%2Fv2%2Fproduct_cat&post=2225"},{"taxonomy":"product_tag","embeddable":true,"href":"https:\/\/wundshop.v2202409233605284516.goodsrv.de\/index.php?rest_route=%2Fwp%2Fv2%2Fproduct_tag&post=2225"}],"curies":[{"name":"wp","href":"https:\/\/api.w.org\/{rel}","templated":true}]}}